-i. Is q a composite number?
False
Is -58*(-5)/(50/1465) prime?
False
Let u(g) = 18*g**2 - 1. Let h be u(-1). Let c = -324 - -337. Suppose c*t + 140 = h*t. Is t prime?
False
Let i be ((-14)/(-5) - 2)*(-45)/(-6). Let v = -2 + 2. Suppose v*o = -i*o + 4506. Is o prime?
True
Is ((-2861 - -1)*-1 - 3)*1 a prime number?
True
Let d(f) = f**2 - 5*f. Let c be d(6). Suppose 3*m = c, -4*m + m = z - 220. Suppose 3*v = v + 4*l + z, -3*v + 4*l = -311. Is v composite?
False
Let y(w) = -w + 4. Let s be y(-5). Suppose s*d - d = 10216. Is d a prime number?
True
Let l = 576 + -1100. Is (l/(-8))/(6/12) prime?
True
Let j(w) be the third derivative of w**4/4 - 2*w**3/3 - 4*w**2. Is j(5) a composite number?
True
Let g(x) = 157*x**2 + 11*x - 7. Is g(-7) composite?
True
Let t = 1546 - 911. Is t composite?
True
Let v = 412 + -93. Is v prime?
False
Let s = -1723 + 5964. Is s a composite number?
False
Suppose 0 = -5*m, 2*f - 5*f + 5*m = 3. Let d be ((-4)/(12/105))/f. Suppose 0 = -3*h - v + 105, h - 5*v = -10*v + d. Is h a composite number?
True
Let a = -235496 + 338895. Is a prime?
True
Suppose 0 = 13*u - 10*u - 6. Suppose u*j - 3 - 3 = 0. Is -9*-1*31/j prime?
False
Suppose 0 = 7*h - 3*h - f + 2606, h + 2*f = -647. Let p = h - -1274. Is p a composite number?
True
Suppose -3*s = 7*j - 9*j - 64673, -j + 43113 = 2*s. Is s prime?
True
Let k(j) = -2363*j - 158. Is k(-5) a composite number?
False
Suppose 3*q = 3 + 3. Let x(v) = 23*v**3 + 2*v**2 - 5*v + 5. Is x(q) a prime number?
False
Let j(k) = -2*k + 2. Let n be -2*2 - 16/(-4). Let y be j(n). Is (y/(-10))/(4/(-1180)) a prime number?
True
Let x be ((-19)/(-4) + -1)/((-23)/(-31924)). Suppose 0 = 3*v - 0*v - x. Is v a prime number?
False
Let c = 3231 + -1510. Is c prime?
True
Let i(x) = x**2 + 3*x - 7. Let y be i(-5). Suppose -4*z - y = -5*z. Suppose -7*m + 52 = z. Is m composite?
False
Let k(v) = v**3 + 35*v**2 - 22*v - 25. Is k(-33) composite?
False
Let g be (-8)/12 - 155/(-3). Suppose 0 = -55*r + g*r + 104. Is r composite?
True
Let l = 5649 + -2036. Is l a composite number?
False
Suppose -253 = 4*b - 45065. Is b prime?
False
Suppose 0 = 89*z - 85*z - 3328. Suppose 6*j - 746 = z. Is j a prime number?
True
Let n(g) = 2*g**2 + 3*g**3 - 6*g**2 - 7*g - 2*g**3 + 10*g**2. Let k be n(-7). Suppose -4*r + 0*r + 1780 = k. Is r prime?
False
Suppose 3*k - 66 = -5*t, 63 = t + 4*t + 4*k. Suppose 0 = -5*y - 2*z + 2 + 13, 5*y - t = 4*z. Is y a composite number?
False
Let k(p) = -p**3 + 5*p + 23461. Is k(0) a prime number?
False
Suppose 6*r - 34387 = 275033. Is r/20 + (-2)/(-4) a composite number?
False
Let i(q) = -490*q + 34. Let b be i(-15). Suppose 4*c = -j + b, 2*c + j = -j + 3686. Suppose 0*o + o = c. Is o prime?
True
Let j(b) be the second derivative of 53*b**4/12 + b**3/6 - b. Let s be j(2). Suppose 5*p - s = 271. Is p a prime number?
True
Let y = 12 + -4. Is 1173/9 + y/12 composite?
False
Let c(u) = -3*u. Let t be c(-1). Suppose -t*m + 2*m = 0. Suppose -5*q - 2*b = -m*q - 179, 4*b - 62 = -2*q. Is q composite?
False
Let o be (-36)/(5 + -9) - 1. Suppose -2415 - 6217 = -o*g. Is g composite?
True
Suppose -k = 3*g + 2*g - 6, -5*k = -3*g + 82. Is 2/7 - 7150/k a composite number?
True
Let w be 6 - (1 - (4 - 0)). Let z be 2/3*(w - -384). Suppose 373 + z = 5*b. Is b a prime number?
True
Suppose 2*b - 6*b = 2*s - 20, -18 = s - 5*b. Suppose -3*p + s*p = 0. Suppose p = -2*y + 6 + 772. Is y a composite number?
False
Suppose 42627 = -398*b + 411*b. Is b prime?
False
Let w(y) be the third derivative of y**5/60 - y**4/12 - y**3/2 - 5*y**2. Let z be w(4). Suppose -5 = -z*i, 2*i = -3*n - i + 3264. Is n a composite number?
False
Let l = -3224 - -7513. Let h = l + -2140. Is h a composite number?
True
Suppose 699 = 2*h + 203. Let r = -25 + h. Is r composite?
False
Suppose 0 = x + 3*p - 1282, -5*x - 5*p + 2*p = -6422. Is x composite?
True
Suppose -9*j + 10*j = 2*k - 11402, 3*k + 3*j = 17103. Is k prime?
True
Let b be (-3745)/(-7) + (-9)/(-3). Let r = -333 + b. Is r composite?
True
Let t = -152 + 273. Let c = 14 - -100. Let d = c + t. Is d a prime number?
False
Is (132/(-8))/((-9)/1542) a composite number?
True
Let p(y) = -16*y + 1101. Is p(0) a prime number?
False
Let r = 13888 - 7845. Is r composite?
False
Suppose 0 = -2*n - 3*r + 101, 0*n + 3*n - 144 = -2*r. Is n composite?
True
Suppose 5*q = 7*l - 3*l - 5, -3*l + q = -12. Let o = 84 - 37. Suppose b = l*n + 37 + 22, -o = -b + 2*n. Is b composite?
True
Is 958 + (-2 + -1)*1/(-3) a prime number?
False
Let v = 141 - 138. Let n = 12 + -7. Suppose -126 = -3*w + v*l, -4*l - 180 = -5*w - n*l. Is w a composite number?
False
Is (264/(-11))/(-4) - (-21003 - 2) a prime number?
True
Let v = 31625 - 7576. Is v a prime number?
True
Let y = 31 + -27. Suppose 0 = -d + 2*m - y, 5*d - 7 = 4*m - 3*m. Suppose d*i + 5*w - 88 = 0, 3*i - 2*w = 2*w + 109. Is i prime?
False
Is (-1)/(3/171132*-4) a prime number?
False
Let m = 10550 + 14945. Is m a prime number?
False
Let r(m) = -12*m**3 - 3*m**2 + m - 2. Let n be r(4). Let f = n - -2198. Let d = 2133 - f. Is d prime?
False
Suppose 2*d - 4*z - 18984 = 0, -4*d + 7*d - 28471 = z. Let m = -6555 + d. Is m a prime number?
False
Let q = 1556 - -2595. Is q a prime number?
False
Let u = 44 + -40. Let b(q) = q**2 + 4*q - 2. Let x be b(-5). Suppose 0 = -4*r - x*a + 1045, a - 3*a + 1042 = u*r. Is r a prime number?
False
Let z(l) = -7698*l + 811. Is z(-10) prime?
False
Suppose -5*g + 3*w + 31 = 0, -3 = -g - 0*w - w. Suppose 0 = -g*p + 4*c - 490, 3*c - 109 = -0*p + p. Is (p + -1)*-1 + 0 a prime number?
False
Suppose 30 = 5*u + 5*h, 2*u = -3*u - 2*h + 24. Suppose 0 = -u*l + 2*l + 6. Suppose 1257 = 6*s - l*s. Is s a prime number?
True
Let p = 135 + -71. Suppose -3*g + p - 741 = -2*s, -3*s - 2*g + 1009 = 0. Is s a prime number?
True
Let b be (3 - 2)*(-2292)/(-6). Suppose -15*i = -17*i + b. Is i composite?
False
Let u = 6933 - -7438. Is u a composite number?
True
Suppose 2*m - 2 = 0, -2*v + 2*m - 82 = -1244. Suppose 0 = 7*g - 9*g + v. Let l = 514 - g. Is l prime?
True
Let f(v) = -v**2 + 2*v + 917. Let c be 0*(3/18 + (-1)/(-6)). Is f(c) prime?
False
Let k = 450 - -123. Suppose -3*w = -12, -5*r + 4772 = -r - 3*w. Let h = r - k. Is h a prime number?
False
Let o(g) be the second derivative of -1/3*g**4 - 1/4*g**5 + 0 + 5*g + 1/6*g**3 + 1/2*g**2. Is o(-3) a composite number?
False
Suppose -4*h + 4*f + 1188 = -2*h, -2914 = -5*h - 4*f. Is (-1)/2*h*(-2 + 1) a composite number?
False
Let b = 1588 + -1103. Is b prime?
False
Let x(r) = -4*r - 1 + 5*r + 6*r**2 - 5*r**2. Let s be x(2). Suppose -s*j = -3*f - 165, -2*j - 2*f = -71 + 5. Is j composite?
True
Suppose 5*o - 1638 = -u, -6*u + 3*o + 6437 = -2*u. Suppose 2*n = 3293 + u. Is n a prime number?
False
Suppose h - 11*h + 58510 = 0. Is h a composite number?
False
Let k(x) = 27*x**2 + 2*x - 1. Let j be k(-5). Is 5/25 - j/(-5) composite?
True
Suppose 5*s + 16 = -79. Is (s/2)/((-2)/44) a composite number?
True
Let f(n) = 1291*n - 195. Is f(8) composite?
False
Is ((-1109)/2)/((-79)/158) prime?
True
Let a = 1460 + 713. Is a prime?
False
Let l(v) = -7*v + 5*v**2 + 5*v**2 + 4*v - 8*v**2. Is l(-2) composite?
True
Let p(i) = i**2 + 5*i. Let v be p(-5). Let t = -126 + v. Is (-1 - t) + 6/3 composite?
False
Suppose 10*l - 7*l = 1863. Let c = -32 - -64. Suppose 3*v = 5*g + 407, c = 5*v - 2*g - l. Is v prime?
False
Let k be ((-1)/2)/(12/(-96)). Suppose 8 + 0 = k*g. Suppose -g*v = -0*v - 598. Is v a prime number?
False
Let x be 9/18 - 21/2. Let z(m) = 30*m + 1. Let t be z(x). Let h = t + 462. Is h composite?
False
Suppose t = -5*p - 25, 5*t + 10 = -0*p - 2*p. Suppose -4*k + 12 = -t*k. Is k a composite number?
False
Let o(m) = m**2 - 11*m + 7. Let f(y) = -4*y + 1. Let z be f(4). Is o(z) a composite number?
False
Let c(d) = -722*d**3 + d + 2. Is c(-1) a composite number?
True
Let z(r) = 1056*r**2 + 0*r**2 + 230*r**2 - 1. Is z(-1) prime?
False
Suppose 4*r - 8*r = 376. Let f = -216 - r. Let p = -39 - f. Is p prime?
True
Let f(z) = -z**3 + 4*z**2 + 4*z + 1. Let l be f(5). Let u(b) = -b + 3. Let c be u(l). Is (-2)/c + 1304/56 a composite number?
False
Let j(w) = -w**3 - w + 123. Let m be (36/10)/((-3)/(-20)). Let y = m - 24. Is j(y) a prime number?
False
Suppose 0 = -4*u + u - 4*g - 36, -31 = 5*u - 3*g. Let m(y) be the first derivative of -y**3/3 - 7*y**2/2 + 18*y - 6. Is m(u)